) to base 3
-200010
What is 250 (base 10) in base 11?
208
Convert 111223 (base 4) to base 13.
829
Convert -7798 (base 14) to base 9.
-31365
1101111200 (base 3) to base 4
12223032
Convert -260205 (base 7) to base 6.
-1010443
Convert 237 (base 8) to base 10.
159
What is 51472 (base 9) in base 11?
2353a
What is -1441032 (base 5) in base 8?
-74057
Convert -16651 (base 9) to base 7.
-45301
Convert 3124020 (base 5) to base 3.
2122000001
Convert -1102021 (base 3) to base 5.
-13113
Convert 331 (base 8) to base 2.
11011001
Convert 22205 (base 6) to base 14.
11b7
3312 (base 5) to base 4
13021
What is -101111101110 (base 2) in base 16?
-bee
What is -8895 (base 10) in base 16?
-22bf
What is -1239 (base 11) in base 13?
-973
-ccc (base 13) to base 8
-4224
What is 21220100 (base 3) in base 13?
2811
What is 3757 (base 9) in base 15?
c71
Convert -537d (base 14) to base 3.
-201210001
Convert -27d (base 16) to base 13.
-3a0
Convert 318 (base 16) to base 9.
1070
Convert 41176 (base 8) to base 14.
62bc
1189 (base 12) to base 2
11110111001
What is -1421 (base 5) in base 4?
-3230
4d02 (base 15) to base 5
1011202
Convert 200012 (base 3) to base 10.
491
1210210 (base 3) to base 16
525
10011111000100 (base 2) to base 4
2133010
Convert -203144 (base 5) to base 3.
-100011012
-2102 (base 8) to base 12
-76a
Convert -11ac4 (base 14) to base 4.
-22210130
-4be (base 16) to base 13
-725
-a30 (base 14) to base 8
-3722
Convert 40504 (base 6) to base 7.
21436
Convert 447 (base 9) to base 5.
2432
What is -4316 (base 9) in base 4?
-301212
-815 (base 12) to base 6
-5225
163 (base 13) to base 5
2000
Convert 11012100 (base 3) to base 5.
44220
What is -69675 (base 10) in base 2?
-10001000000101011
Convert 101010001110101 (base 2) to base 5.
1142441
-4884 (base 9) to base 10
-3640
Convert 120011001 (base 3) to base 10.
11044
What is 36364 (base 9) in base 13?
b119
What is -102011 (base 4) in base 14?
-5c9
Convert 289 (base 15) to base 2.
1001000011
What is 12841 (base 12) in base 7?
134014
What is 102000002 (base 3) in base 15?
259b
-92 (base 15) to base 10
-137
-7b5b (base 16) to base 10
-31579
Convert -1521 (base 7) to base 9.
-740
Convert 301433 (base 5) to base 7.
40020
What is 398 (base 12) in base 15?
268
Convert -2893 (base 10) to base 3.
-10222011
-ac (base 13) to base 10
-142
What is -410 (base 14) in base 2?
-1100011110
Convert -34652 (base 7) to base 5.
-241111
-101000101101 (base 2) to base 4
-220231
Convert -5402 (base 6) to base 15.
-56b
What is 38b4 (base 16) in base 6?
151112
42a (base 12) to base 11
505
Convert 1205103 (base 6) to base 14.
19115
Convert -40058 (base 9) to base 15.
-7bd2
Convert 1103404 (base 5) to base 15.
5a6e
What is 61b (base 15) in base 7?
4004
-36671 (base 8) to base 15
-4a36
What is -2320301 (base 4) in base 13?
-54c8
-12000211 (base 4) to base 12
-122b1
What is 102100 (base 5) in base 7?
12625
What is 1402 (base 6) in base 15?
192
3a4 (base 13) to base 3
212202
Convert 10041 (base 9) to base 14.
2594
Convert -11110 (base 4) to base 5.
-2330
What is -122210 (base 3) in base 16?
-1e0
What is 22244 (base 6) in base 15?
dd4
Convert -604e (base 15) to base 16.
-4f64
What is -231 (base 16) in base 5?
-4221
What is -53a (base 14) in base 11?
-859
8704 (base 9) to base 10
6403
What is -250 (base 12) in base 9?
-426
What is -124043 (base 5) in base 9?
-6642
-1270 (base 9) to base 10
-954
What is 2859 (base 11) in base 7?
13525
5031 (base 7) to base 16
6c9
Convert -2753 (base 8) to base 9.
-2063
10524 (base 6) to base 9
2037
What is 1522 (base 7) in base 16?
25c
Convert -2100001 (base 3) to base 16.
-6a6
What is 234330 (base 7) in base 3?
2011002210
What is -2281 (base 15) in base 9?
-11034
-6176 (base 9) to base 2
-1000110101100
What is -122200 (base 3) in base 16?
-1dd
58a (base 16) to base 6
10322
What is 10220111 (base 4) in base 2?
100101000010101
Convert -234d (base 14) to base 4.
-1200001
What is 730 (base 9) in base 15?
299
What is 14410 (base 7) in base 14?
1640
What is -29737 (base 11) in base 15?
-c74d
Convert 23411 (base 6) to base 7.
12613
-202001101 (base 3) to base 7
-60421
Convert 4122 (base 5) to base 16.
219
Convert 12201211 (base 3) to base 11.
3160
What is -12251 (base 7) in base 10?
-3221
-2973 (base 13) to base 6
-43453
Convert -1321340 (base 5) to base 16.
-6766
-3 (base 12) to base 13
-3
Convert -110010011111111 (base 2) to base 8.
-62377
Convert -10110010111111 (base 2) to base 11.
-8674
What is -3310 (base 6) in base 8?
-1372
Convert a77 (base 11) to base 15.
5b4
What is 5438 (base 11) in base 15?
21da
What is -7e8d (base 15) in base 3?
-1100220121
11022330 (base 4) to base 2
101001010111100
-2011102 (base 3) to base 6
-11145
214140 (base 5) to base 15
22ea
Convert -13010131 (base 4) to base 2.
-111000100011101
What is -233 (base 16) in base 10?
-563
1121403 (base 5) to base 15
5ed8
Convert 10020010221 (base 3) to base 12.
30921
Convert 30210 (base 4) to base 15.
389
Convert -202 (base 11) to base 12.
-184
100010000110 (base 2) to base 12
131a
Convert 3056 (base 11) to base 15.
1304
Convert -34546 (base 7) to base 2.
-10001010010110
Convert 12004 (base 7) to base 6.
22151
Convert -446 (base 10) to base 12.
-312
What is -120002102 (base 3) in base 15?
-33d5
What is -2220 (base 6) in base 16?
-204
What is -12203 (base 7) in base 4?
-301310
Convert -272b (base 16) to base 14.
-3923
110010101100 (base 2) to base 3
11110011
Convert -1424313 (base 5) to base 16.
-7506
Convert -12320303 (base 4) to base 9.
-42625
What is -2838 (base 10) in base 12?
-1786
What is 187a (base 15) in base 14?
1cdc
62 (base 8) to base 4
302
-78b (base 14) to base 12
-a47
-1000110111001 (base 2) to base 16
-11b9
Convert 100032 (base 4) to base 2.
10000001110
-52244 (base 9) to base 6
-423321
Convert -1886 (base 16) to base 3.
-22121112
Convert 51054 (base 6) to base 13.
30a9
Convert -1ca57 (base 13) to base 2.
-1101110101101111
What is 844 (base 13) in base 4?
112000
What is 111001110011000 (base 2) in base 10?
29592
-2a3 (base 11) to base 3
-111011
Convert -42 (base 14) to base 8.
-72
What is 13 (base 15) in base 5?
33
-1001100001 (base 2) to base 11
-504
14530 (base 6) to base 16
936
What is -105453 (base 6) in base 16?
-2349
-112333 (base 4) to base 15
-681
Convert -265b (base 12) to base 16.
-1127
What is -534 (base 7) in base 2?
-100001110
Convert -31001 (base 5) to base 16.
-7d1
What is 13004 (base 5) in base 9?
1335
Convert 1043 (base 6) to base 16.
f3
Convert 642 (base 7) to base 2.
101000100
What is -2a65 (base 16) in base 14?
-3d53
Convert -2007 (base 8) to base 5.
-13111
-1100001001111 (base 2) to base 16
-184f
What is -33 (base 13) in base 4?
-222
What is -33170 (base 11) in base 3?
-2110000000
Convert -123 (base 12) to base 7.
-333
Convert 10010 (base 6) to base 13.
792
What is 2121 (base 6) in base 2?
111100001
-4860 (base 14) to base 8
-30524
-18e (base 16) to base 6
-1502
Convert -11121212 (base 3) to base 8.
-6453
What is -231333 (base 5) in base 12?
-49b3
Convert 634 (base 13) to base 6.
4521
12201222 (base 3) to base 2
1000001011000
479a (base 15) to base 3
202212201
What is 18 (base 10) in base 4?
102
5131 (base 15) to base 6
211214
-24135 (base 8) to base 10
-10333
-103 (base 16) to base 8
-403
Convert 742 (base 8) to base 16.
1e2
-3186 (base 11) to base 13
-1bb9
Convert 25525 (base 9) to base 13.
7a99
27a (base 13) to base 12
307
Convert 10783 (base 11) to base 2.
11110011011011
Convert 2f44 (base 16) to base 15.
38ba
Convert -2120012221 (base 3) to base 2.
-1100010100011101
48886 (base 9) to base 10
32802
Convert 2c8 (base 15) to base 4.
21332
543 (base 10) to base 16
21f
Convert -2213 (base 4) to base 6.
-435
-12111011 (base 4) to base 10
-25925
Convert -63001 (base 10) to base 4.
-33120121
What is 1212340 (base 5) in base 8?
54475
-3c7 (base 13) to base 5
-10140
Convert 106233 (base 8) to base 3.
1211101011
Convert 3068 (base 9) to base 12.
1375
What is 264 (base 14) in base 10?
480
What is 8186 (base 12) in base 7?
56010
Convert 111101000111101 (base 2) to base 7.
160143
What is 732 (base 10) in base 12?
510
Convert -31044 (base 7) to base 13.
-35ac
What is -503b (base 15) in base 11?
-117a2
What is 1a5b (base 16) in base 8?
15133
-111111011001 (base 2) to base 13
-1b01
2012221 (base 4) to base 16
21a9
Convert -3d2 (base 14) to b